{"id":3593,"date":"2025-03-03T14:22:55","date_gmt":"2025-03-03T20:22:55","guid":{"rendered":"https:\/\/orbienesraicesinstitute.com\/?page_id=3593"},"modified":"2025-03-13T13:56:14","modified_gmt":"2025-03-13T19:56:14","slug":"realai-estate","status":"publish","type":"page","link":"https:\/\/orbienesraicesinstitute.com\/index.php\/realai-estate\/","title":{"rendered":"RealAI Estate"},"content":{"rendered":"<p>REAL AI ESTATE Por favor, activa JavaScript en tu navegador para completar este formulario.Por favor, activa JavaScript en tu navegador para completar este formulario.Menciona algunos detalles b\u00e1sicos del inmueble *\u00bfEn donde esta ubicado el inmueble?Si deseas que incluya tu tel\u00e9fono escr\u00edbelo aqu\u00ed:Si deseas que la IA elabore tu anuncio analizando tus fotos del inmueble adjunta [&hellip;]<\/p>\n \t\t<div class=\"woocommerce\">\n\t\t\t<div class=\"woocommerce-info wc-memberships-restriction-message wc-memberships-message wc-memberships-content-restricted-message\">\n\t\t\t\tTo access this page, you must purchase <span class=\"wc-memberships-products-grant-access\"><a href=\"https:\/\/orbienesraicesinstitute.com\/index.php\/producto\/agente-or\/\">Agente OR<\/a><\/span>.\t\t    <\/div>\n\t\t<\/div>\n\t\t","protected":false},"excerpt":{"rendered":"<p>REAL AI ESTATE Por favor, activa JavaScript en tu navegador para completar este formulario.Por favor, activa JavaScript en tu navegador para completar este formulario.Menciona algunos detalles b\u00e1sicos del inmueble *\u00bfEn donde esta ubicado el inmueble?Si deseas que incluya tu tel\u00e9fono escr\u00edbelo aqu\u00ed:Si deseas que la IA elabore tu anuncio analizando tus fotos del inmueble adjunta [&hellip;]<\/p>\n<div class=\"woocommerce\">\n<div class=\"woocommerce-info wc-memberships-restriction-message wc-memberships-message wc-memberships-content-restricted-message\">\n\t\t\t\tTo access this page, you must purchase <span class=\"wc-memberships-products-grant-access\"><a href=\"https:\/\/orbienesraicesinstitute.com\/index.php\/producto\/agente-or\/\">Agente OR<\/a><\/span>.\t\t    <\/div>\n<\/p><\/div>\n","protected":false},"author":1,"featured_media":0,"parent":0,"menu_order":0,"comment_status":"closed","ping_status":"closed","template":"elementor_header_footer","meta":{"_acf_changed":false,"footnotes":""},"class_list":["post-3593","page","type-page","status-publish","hentry","membership-content","access-restricted"],"acf":[],"_links":{"self":[{"href":"https:\/\/orbienesraicesinstitute.com\/index.php\/wp-json\/wp\/v2\/pages\/3593","targetHints":{"allow":["GET"]}}],"collection":[{"href":"https:\/\/orbienesraicesinstitute.com\/index.php\/wp-json\/wp\/v2\/pages"}],"about":[{"href":"https:\/\/orbienesraicesinstitute.com\/index.php\/wp-json\/wp\/v2\/types\/page"}],"author":[{"embeddable":true,"href":"https:\/\/orbienesraicesinstitute.com\/index.php\/wp-json\/wp\/v2\/users\/1"}],"replies":[{"embeddable":true,"href":"https:\/\/orbienesraicesinstitute.com\/index.php\/wp-json\/wp\/v2\/comments?post=3593"}],"version-history":[{"count":82,"href":"https:\/\/orbienesraicesinstitute.com\/index.php\/wp-json\/wp\/v2\/pages\/3593\/revisions"}],"predecessor-version":[{"id":4465,"href":"https:\/\/orbienesraicesinstitute.com\/index.php\/wp-json\/wp\/v2\/pages\/3593\/revisions\/4465"}],"wp:attachment":[{"href":"https:\/\/orbienesraicesinstitute.com\/index.php\/wp-json\/wp\/v2\/media?parent=3593"}],"curies":[{"name":"wp","href":"https:\/\/api.w.org\/{rel}","templated":true}]}}